{"id":34,"date":"2023-10-27T11:32:16","date_gmt":"2023-10-27T14:32:16","guid":{"rendered":"http:\/\/pateo.tljmkt.com.br\/?page_id=34"},"modified":"2024-02-27T15:28:03","modified_gmt":"2024-02-27T18:28:03","slug":"pagina-inicial","status":"publish","type":"page","link":"http:\/\/urbantucuruvisp.tljmkt.com.br\/","title":{"rendered":"Urban Tucuruvi- S\u00e3o Paulo"},"content":{"rendered":"\n<p class=\"has-text-align-justify has-small-font-size has-mobile-text-align-justify\">Seja bem-vindo ao Residencial Urban Tucuruvi, um condom\u00ednio com apartamentos de 01 ou 02 dormit\u00f3rios com varanda e uma \u00e1rea de lazer completa, com churrasqueira, coworking, crossfit, academia, minimercado, piscina, lavanderia compartilhada e muito mais! Em excelente localiza\u00e7\u00e3o na Zona Norte de S\u00e3o Paulo, pr\u00f3ximo ao Shopping Metr\u00f4 Tucuruvi, mercados, farm\u00e1cias, restaurantes e toda a estrutura comercial que voc\u00ea e sua fam\u00edlia precisam.<\/p>\n\n\n\n<div class=\"wp-block-columns is-layout-flex wp-container-core-columns-is-layout-9d6595d7 wp-block-columns-is-layout-flex\">\n<div class=\"wp-block-column is-layout-flow wp-block-column-is-layout-flow\"><style type=\"text\/css\">\r\n\t#foogallery-gallery-838 .fg-image {\r\n        width: 150px;\r\n    }\r\n<\/style>\r\n\t\t\t\t<div class=\"foogallery foogallery-container foogallery-default foogallery-lightbox-foogallery fg-gutter-10 fg-center fg-default fg-light fg-loading-default fg-loaded-swing-down fg-caption-hover fg-hover-fade fg-hover-zoom fg-ready\" id=\"foogallery-gallery-838\" data-foogallery=\"{&quot;item&quot;:{&quot;showCaptionTitle&quot;:true,&quot;showCaptionDescription&quot;:true},&quot;lazy&quot;:true}\" >\r\n\t<div class=\"fg-item fg-type-image fg-idle\"><figure class=\"fg-item-inner\"><a data-attachment-id=\"840\" class=\"fg-thumb\"><span class=\"fg-image-wrap\"><img decoding=\"async\" width=\"150\" height=\"150\" class=\"skip-lazy fg-image\" data-src-fg=\"http:\/\/urbantucuruvisp.tljmkt.com.br\/wp-content\/uploads\/2023\/11\/mcmv2.webp\" src=\"data:image\/svg+xml,%3Csvg%20xmlns%3D%22http%3A%2F%2Fwww.w3.org%2F2000%2Fsvg%22%20width%3D%22150%22%20height%3D%22150%22%20viewBox%3D%220%200%20150%20150%22%3E%3C%2Fsvg%3E\" loading=\"eager\"><\/span><span class=\"fg-image-overlay\"><\/span><\/a><figcaption class=\"fg-caption\"><div class=\"fg-caption-inner\"><\/div><\/figcaption><\/figure><div class=\"fg-loader\"><\/div><\/div><div class=\"fg-item fg-type-image fg-idle\"><figure class=\"fg-item-inner\"><a data-attachment-id=\"839\" class=\"fg-thumb\"><span class=\"fg-image-wrap\"><img decoding=\"async\" width=\"150\" height=\"150\" class=\"skip-lazy fg-image\" data-src-fg=\"http:\/\/urbantucuruvisp.tljmkt.com.br\/wp-content\/uploads\/2023\/11\/mcmv1.webp\" src=\"data:image\/svg+xml,%3Csvg%20xmlns%3D%22http%3A%2F%2Fwww.w3.org%2F2000%2Fsvg%22%20width%3D%22150%22%20height%3D%22150%22%20viewBox%3D%220%200%20150%20150%22%3E%3C%2Fsvg%3E\" loading=\"eager\"><\/span><span class=\"fg-image-overlay\"><\/span><\/a><figcaption class=\"fg-caption\"><div class=\"fg-caption-inner\"><\/div><\/figcaption><\/figure><div class=\"fg-loader\"><\/div><\/div><div class=\"fg-item fg-type-image fg-idle\"><figure class=\"fg-item-inner\"><a data-attachment-id=\"841\" class=\"fg-thumb\"><span class=\"fg-image-wrap\"><img decoding=\"async\" width=\"150\" height=\"150\" class=\"skip-lazy fg-image\" data-src-fg=\"http:\/\/urbantucuruvisp.tljmkt.com.br\/wp-content\/uploads\/2023\/11\/mcmv3.webp\" src=\"data:image\/svg+xml,%3Csvg%20xmlns%3D%22http%3A%2F%2Fwww.w3.org%2F2000%2Fsvg%22%20width%3D%22150%22%20height%3D%22150%22%20viewBox%3D%220%200%20150%20150%22%3E%3C%2Fsvg%3E\" loading=\"eager\"><\/span><span class=\"fg-image-overlay\"><\/span><\/a><figcaption class=\"fg-caption\"><div class=\"fg-caption-inner\"><\/div><\/figcaption><\/figure><div class=\"fg-loader\"><\/div><\/div><\/div>\r\n\n<\/div>\n<\/div>\n\n\n\n<div class=\"wp-block-columns is-layout-flex wp-container-core-columns-is-layout-9d6595d7 wp-block-columns-is-layout-flex\">\n<div class=\"wp-block-column is-layout-flow wp-block-column-is-layout-flow\"><div class=\"wp-block-image\">\n<figure class=\"aligncenter size-full\"><img decoding=\"async\" width=\"392\" height=\"101\" src=\"http:\/\/urbantucuruvisp.tljmkt.com.br\/wp-content\/uploads\/2023\/10\/Gir-arbore-semi-menor.gif\" alt=\"\" class=\"wp-image-672\"\/><\/figure><\/div><\/div>\n<\/div>\n","protected":false},"excerpt":{"rendered":"<p>Seja bem-vindo ao Residencial Urban Tucuruvi, um condom\u00ednio com apartamentos de 01 ou 02 dormit\u00f3rios com varanda e uma \u00e1rea de lazer completa, com churrasqueira, coworking, crossfit, academia, minimercado, piscina, lavanderia compartilhada e muito mais! Em excelente localiza\u00e7\u00e3o na Zona Norte de S\u00e3o Paulo, pr\u00f3ximo ao Shopping Metr\u00f4 Tucuruvi, mercados, farm\u00e1cias, restaurantes e toda a &hellip; <\/p>\n<p class=\"link-more\"><a href=\"http:\/\/urbantucuruvisp.tljmkt.com.br\/\" class=\"more-link\">Continue lendo<span class=\"screen-reader-text\"> &#8220;Urban Tucuruvi- S\u00e3o Paulo&#8221;<\/span><\/a><\/p>\n","protected":false},"author":1,"featured_media":0,"parent":0,"menu_order":0,"comment_status":"closed","ping_status":"closed","template":"","meta":{"_editorskit_title_hidden":false,"_editorskit_reading_time":0,"_editorskit_is_block_options_detached":false,"_editorskit_block_options_position":"{}","_monsterinsights_skip_tracking":false,"_monsterinsights_sitenote_active":false,"_monsterinsights_sitenote_note":"","_monsterinsights_sitenote_category":0,"footnotes":""},"class_list":["post-34","page","type-page","status-publish","hentry"],"aioseo_notices":[],"_links":{"self":[{"href":"http:\/\/urbantucuruvisp.tljmkt.com.br\/index.php?rest_route=\/wp\/v2\/pages\/34","targetHints":{"allow":["GET"]}}],"collection":[{"href":"http:\/\/urbantucuruvisp.tljmkt.com.br\/index.php?rest_route=\/wp\/v2\/pages"}],"about":[{"href":"http:\/\/urbantucuruvisp.tljmkt.com.br\/index.php?rest_route=\/wp\/v2\/types\/page"}],"author":[{"embeddable":true,"href":"http:\/\/urbantucuruvisp.tljmkt.com.br\/index.php?rest_route=\/wp\/v2\/users\/1"}],"replies":[{"embeddable":true,"href":"http:\/\/urbantucuruvisp.tljmkt.com.br\/index.php?rest_route=%2Fwp%2Fv2%2Fcomments&post=34"}],"version-history":[{"count":74,"href":"http:\/\/urbantucuruvisp.tljmkt.com.br\/index.php?rest_route=\/wp\/v2\/pages\/34\/revisions"}],"predecessor-version":[{"id":858,"href":"http:\/\/urbantucuruvisp.tljmkt.com.br\/index.php?rest_route=\/wp\/v2\/pages\/34\/revisions\/858"}],"wp:attachment":[{"href":"http:\/\/urbantucuruvisp.tljmkt.com.br\/index.php?rest_route=%2Fwp%2Fv2%2Fmedia&parent=34"}],"curies":[{"name":"wp","href":"https:\/\/api.w.org\/{rel}","templated":true}]}}